46. Is n composite?
True
Let u be 1/(-4) + (23175/(-20))/(-15). Is ((-6)/(-14) - 1) + 158125/u a composite number?
False
Let p(a) = -a**3 + a**2 + 6*a + 13. Suppose 12*h - 360 = 4*h. Let m = h - 53. Is p(m) composite?
False
Let w be 6/(-51) - 968/(-136). Suppose w*a - 1852 = -81. Is a prime?
False
Is (-79 - -73) + 1*152923 a prime number?
False
Suppose -3*d - 11 + 8 = 0. Is ((-1850)/(-6) - 1/3) + d prime?
True
Let v(c) = -252163*c - 2910. Is v(-1) a composite number?
False
Suppose -147 + 84 = -3*f. Is (f - 14)*(-2707)/(-7) a prime number?
True
Let a(g) = -g**3 + 2*g**2 + 2*g - 1035. Let m = 83 - 83. Let i be a(m). Is (i/(-4) + 1)/(10/40) a composite number?
False
Let q(m) = 81*m - 243. Let a be q(29). Suppose 0 = t - a - 11161. Is t a composite number?
False
Let i be (0 - 2/(-2)) + 470. Let j = -130 + 130. Suppose 2*p - 5*p + i = j. Is p a prime number?
True
Let t = 223 - 207. Suppose 243 = -0*l + l - 5*i, 0 = 4*i + t. Is l a prime number?
True
Suppose 3*z = -2*z + 2*y + 83347, 0 = -2*z - y + 33346. Suppose -z = -10*d + 5139. Is d a composite number?
True
Suppose 0 = 29*i - 1183951 - 1126798. Is i composite?
True
Suppose 2*q + 4 = -3*a, -5*q - a = -0*a - 3. Is (q*4111/3)/(23/69) a prime number?
True
Let j = 23 + 0. Let t = -18 + j. Suppose 1154 = t*a - 791. Is a a composite number?
False
Suppose 2*m = -5*u + 9225, -2*u - 1288 + 4979 = m. Suppose u = 2*k - 1663. Is k prime?
True
Let k = 259647 + -91854. Is k composite?
True
Let r be (-2)/((-5)/(-5)) + 120/10. Let g(a) = 19*a**3 - 6*a**2 + 17*a + 13. Is g(r) composite?
False
Let i(z) = -3942*z + 1867. Is i(-36) a composite number?
False
Suppose -8*z - 1223862 = -63*z - 328847. Is z prime?
True
Let l(a) = 86*a**2 - 9*a + 64. Is l(-15) prime?
False
Let o(n) = -n**3 - 12*n**2 - 11*n + 4. Let v(t) = 5*t + 29. Let p be v(-8). Let u be o(p). Suppose 3885 = u*f - 3407. Is f a composite number?
False
Let x = 75329 - -7965. Is x a composite number?
True
Let f(d) = -205*d**3 - 6*d**2 - 9*d - 21. Is f(-6) a composite number?
True
Let c = 2 - -1. Let s = -4 - -8. Suppose -i + c*d - 8871 = -s*i, 5*i = 4*d + 14785. Is i prime?
True
Suppose -3*h + d = 13, 5*h = d + 3 - 26. Is h + 5705/25 - (-1)/(-5) prime?
True
Let m(k) = k - 9. Suppose -3*p - 4*u = -2*p - 1, -2*p = 4*u - 6. Let h be m(p). Is ((-8)/(-7))/h - 35260/(-28) a composite number?
False
Let a be (-24)/(-20)*(-65)/(-26). Suppose a*i = -497 + 2651. Is i prime?
False
Suppose -3*x = 4*f - 1813434, -416259 + 2683068 = 5*f + x. Is f a prime number?
False
Let d(w) = w**3 - w**2 - 7*w - 6. Let c(v) = 3*v**3 - 3*v**2 - 20*v - 17. Let g(y) = 6*c(y) - 17*d(y). Let i be g(0). Is i - -2 - (-21681)/11 composite?
False
Is 1513 + 35/(210/(-72)) a prime number?
False
Let f(q) = -q**2 - 12*q - 9. Let k be f(-10). Suppose k*z = 5983 + 10858. Is z a composite number?
False
Suppose 4*x + 72 + 24 = 0. Let g = x + 25. Is (-31446)/(-72) + 1/(3 + g) a composite number?
True
Let h(o) = -10*o + 781. Let v(s) = -20*s + 1564. Let f(x) = 13*h(x) - 6*v(x). Is f(0) a prime number?
True
Suppose 5*w - 336 = -16*w. Is -2 - (-8)/(w/34994) a composite number?
True
Let g(d) = 514*d + 12. Suppose -16 = p - 5*p. Let x be g(p). Suppose 7*c = 11*c - x. Is c a prime number?
False
Let g = -2419 + 4433. Let j = 919 + g. Is j prime?
False
Let r = 64256 + -4653. Is r a prime number?
False
Suppose 5*f = -0*f + 20, 4*d + f - 16 = 0. Suppose 0 = -2*i - 0*m + 3*m, -d*i - m - 22 = 0. Is 383*(1 - (i + 4)) a prime number?
False
Suppose c = 5*l - 10, 5*c + 3*l = 33 + 1. Suppose j = -c*d - j + 12, 5*j = 4*d - 36. Suppose -s = 3*w - 0*w - 539, 197 = w - d*s. Is w prime?
True
Suppose 4*z - 8*p + 12*p = 273060, 341313 = 5*z + 2*p. Is z prime?
True
Suppose -4*b = l - 113355, 2*l - 113741 = -5*b + 27952. Suppose 4*s - 68130 = 5*j, 3*s = 3*j + b + 22760. Is s a composite number?
True
Suppose 16*k + 19*k = 2514015. Suppose -22*q = 21075 - k. Is q a prime number?
False
Let m = 357567 - -76756. Is m composite?
False
Let h(g) = g**2 - 11*g + 10. Let v be h(15). Let o be 0 - (-500)/8*v. Suppose -3*a + 4*j + 2611 = -0*j, -o = -5*a + 2*j. Is a composite?
False
Suppose 4*q = -4*h + 560, 0*q = q + 5*h - 140. Is (-947)/(4*(-7)/q) a composite number?
True
Let j(s) = 7*s + 4. Let n be j(4). Suppose -33094 = -34*a + n*a. Is a a prime number?
True
Suppose 5340994 = 118*k - 1326112 + 329680. Is k composite?
True
Let b = -1034226 + 1779599. Is b a composite number?
True
Suppose 0 = -3*n - 2*d - 3*d - 6, -5*d = 2*n + 4. Is (-3353760)/(-260) + n/26 a prime number?
True
Let c = 1180 + 643. Is c prime?
True
Suppose 72 - 604 = 19*q. Let i be (-1)/2*q/2. Suppose -i*g - r = -2*g - 18189, -5*g + 4*r = -18169. Is g a prime number?
True
Let c = -125843 - -181150. Is c a prime number?
False
Suppose -272*c + 887277 + 7641779 = -20974512. Is c composite?
True
Let u(t) = 12*t - 4. Let q be u(1). Suppose -q*n = -n. Suppose n = -3*x - 6*x + 1881. Is x a composite number?
True
Let n(w) be the third derivative of -18085*w**4/24 - 19*w**3/6 - 3*w**2 - 6. Is n(-2) a prime number?
True
Suppose -l = 8*l - 24057. Suppose 0 = -p + 1, 7*p = 3*z + 4*p - l. Suppose z = 20*m - 16*m. Is m composite?
False
Suppose 7*r - 1895 = 338. Let d = -622 - -1404. Let g = d - r. Is g prime?
True
Let b(m) = -185 - m**2 + 6*m**2 + 56*m + 99 + 93. Is b(-24) composite?
False
Let u = 8484 + -13803. Let n = 152 - u. Is n a composite number?
False
Suppose -s + 13*s = 300. Suppose s*u = 22*u + 6969. Is u prime?
False
Suppose 4*j - 12*j - 24 = 0. Let m(p) = 296*p**2 + 4*p + 5. Is m(j) composite?
False
Suppose -5*l = 2*w + 78686, -2*w - 1271 = -4*l - 64209. Let x = l + 30021. Is x a composite number?
True
Let s(l) = 760*l + 17. Let m(f) = f - 2. Let a(w) = -4*m(w) - s(w). Is a(-5) a composite number?
True
Suppose g - 72 = -g. Suppose 6*b - 2*b + 60 = 4*q, -g = -4*q - 4*b. Is 4/q + 1300/15 a composite number?
True
Let c(q) = -q**3 + 7*q**2 + 9*q - 4. Suppose 0 = -0*r + 6*r - 48. Let b be c(r). Suppose 3*i = b*w + 35561, 5*i + 0*i + 3*w = 59278. Is i composite?
True
Let y be (-3 + 2 + 0)*-2. Let f be (7 - 0) + 11 + -15. Suppose -k + f*d + 1468 = -0*k, d - 2943 = -y*k. Is k a composite number?
False
Let c(b) = 99*b + 51. Let o(u) = -1. Let j(g) = -c(g) + 5*o(g). Is j(-10) composite?
True
Let s = -18611 + 26484. Let c = s + -3672. Is c a prime number?
True
Let i(s) be the third derivative of 1/120*s**6 + 23/24*s**4 - 1/6*s**5 + 0 + 0*s + 40*s**2 - 13/6*s**3. Is i(12) a prime number?
False
Suppose -51*g = -46*g + 40. Is (4854/g)/((-3)/4) composite?
False
Suppose 55*i - 3*i + 16*i = 32919548. Is i a composite number?
False
Let i(q) = -2033*q - 2093. Is i(-12) a prime number?
True
Suppose 11*o = -2*i + 377510, -4*i - 15*o + 755104 = -14*o. Is i a composite number?
True
Let h(m) = 717*m**2 - m + 35. Is h(-11) a prime number?
False
Let f(q) = q**3 - 8*q**2 + q - 5. Let g be f(17). Suppose g = 16*i - 107755. Is i prime?
False
Let v(r) = -r**3 + 8*r**2 - 12*r + 39. Let l be v(7). Suppose -3*q + 733 = -l*t, 2*t = 2*q - 2*t - 482. Is q prime?
True
Let u(x) = 221*x**2 + 51*x - 169. Is u(-96) a prime number?
True
Suppose -31*q + 345647 = -7*q - 293401. Is q a prime number?
True
Let k(j) = 3*j - 13. Let u be k(5). Suppose 4*h = 5*p - 1270, -5*p + 2190 = -u*h + 930. Suppose 0 = -3*t - 43 + p. Is t prime?
False
Let t(x) = -2*x**3 + 88*x**2 + 15*x - 100. Is t(27) a composite number?
True
Suppose 4*u - 38 = -5*h - 9, -4*u + 24 = 4*h. Let l(j) = 128*j**2 - 3. Let p be l(u). Is p/20 + -6 - (-6374)/8 a composite number?
False
Suppose -2*t = 3*z - 55, -2*z - t - 19 + 55 = 0. Suppose -3*q = -q - 30. Suppose z*b = q*b + 534. Is b composite?
True
Let n(j) = 53*j**2 + 11*j - 6. Let b be n(6). Let p = 2821 - b. Is p prime?
True
Suppose -2*j - 19*j + 16731 = -8*j. Suppose 4*g - g = -2*y + 12, 16 = 5*y + 4*g. Suppose 0 = -y*t - 9*t + j. Is t prime?
False
Let p = -16 + 53. Let z = -34 + p. Is (392 - (-4)/(-1)) + z composite?
True
Let r(l) = -4*l**3 - 80*l**2 - 35*l + 349. Is r(-28) a composite number?
False
Let i = 269497 - 167870. Is i a composite number?
False
Let z(r) = 96*r**3 + 2*r**2 - 18*r - 6. Let s be z(6). Let l = s + -29987. Let x = -3616 - l. Is x a composite number?
True
Let g(p) = -52*p + 7. Let y(b) = 52*b - 6. Suppose w + 2 = -1. Let j(v) = w*g(v) - 2*y(v). Is j(4) prime?
True
Suppose -3*